{"id":716,"date":"2015-06-11T16:25:35","date_gmt":"2015-06-11T14:25:35","guid":{"rendered":"http:\/\/82.67.161.76\/Gojuryu93Com\/?page_id=716"},"modified":"2016-03-09T18:07:35","modified_gmt":"2016-03-09T17:07:35","slug":"le-kobudo","status":"publish","type":"page","link":"https:\/\/www.gojuryu93.com\/?page_id=716","title":{"rendered":"Le Kobudo"},"content":{"rendered":"<p><div id=\"attachment_1290\" style=\"width: 256px\" class=\"wp-caption alignleft\"><a href=\"https:\/\/i0.wp.com\/www.gojuryu93.com\/wp-content\/uploads\/2015\/06\/Kobudo_W01.jpg\"><img data-recalc-dims=\"1\" loading=\"lazy\" decoding=\"async\" aria-describedby=\"caption-attachment-1290\" data-attachment-id=\"1290\" data-permalink=\"https:\/\/www.gojuryu93.com\/?attachment_id=1290\" data-orig-file=\"https:\/\/i0.wp.com\/www.gojuryu93.com\/wp-content\/uploads\/2015\/06\/Kobudo_W01.jpg?fit=400%2C487&amp;ssl=1\" data-orig-size=\"400,487\" data-comments-opened=\"0\" data-image-meta=\"{&quot;aperture&quot;:&quot;0&quot;,&quot;credit&quot;:&quot;&quot;,&quot;camera&quot;:&quot;&quot;,&quot;caption&quot;:&quot;&quot;,&quot;created_timestamp&quot;:&quot;0&quot;,&quot;copyright&quot;:&quot;&quot;,&quot;focal_length&quot;:&quot;0&quot;,&quot;iso&quot;:&quot;0&quot;,&quot;shutter_speed&quot;:&quot;0&quot;,&quot;title&quot;:&quot;&quot;,&quot;orientation&quot;:&quot;0&quot;}\" data-image-title=\"Kobudo_W01\" data-image-description=\"\" data-image-caption=\"\" data-large-file=\"https:\/\/i0.wp.com\/www.gojuryu93.com\/wp-content\/uploads\/2015\/06\/Kobudo_W01.jpg?fit=400%2C487&amp;ssl=1\" class=\"wp-image-1290 size-medium\" src=\"https:\/\/i0.wp.com\/www.gojuryu93.com\/wp-content\/uploads\/2015\/06\/Kobudo_W01.jpg?resize=246%2C300\" alt=\"Kobudo_W01\" width=\"246\" height=\"300\" srcset=\"https:\/\/i0.wp.com\/www.gojuryu93.com\/wp-content\/uploads\/2015\/06\/Kobudo_W01.jpg?resize=246%2C300&amp;ssl=1 246w, https:\/\/i0.wp.com\/www.gojuryu93.com\/wp-content\/uploads\/2015\/06\/Kobudo_W01.jpg?w=400&amp;ssl=1 400w\" sizes=\"auto, (max-width: 246px) 100vw, 246px\" \/><\/a><p id=\"caption-attachment-1290\" class=\"wp-caption-text\"><em><strong>Matayoshi Shinko (\u53c8\u5409\u771e\u5149)<\/strong><\/em><\/p><\/div><br \/>\n&nbsp;<br \/>\nKobudo signifie litt\u00e9ralement \u00ab Art martial ancien \u00bb mais \u00e9galement \u00ab Art d&#8217;un comportement spirituel vis-\u00e0-vis du combat \u00bb. Le Kobudod&#8217;Okinawa a connu une \u00e9volution parall\u00e8le au Karat\u00e9.<br \/>\n&nbsp;<br \/>\nCes techniques sont arriv\u00e9es jusqu&#8217;\u00e0 nous gr\u00e2ce \u00e0 Ma\u00eetre Shinko MATAYOSHI et son fils Shinpo.<br \/>\nN\u00e9 en 1888 dans la ville de Naha, Ma\u00eetre Shinko MATAYOSHI commen\u00e7a, d\u00e8s son enfance, \u00e0 \u00e9tudier le B\u00d4, l&#8217;EKU, le KAMA et le SAI, sous la direction du Ma\u00eetre Shokuho AGENA. Puis le TUNKUWA et le NUNCHAKU avec le Ma\u00eetre IREI.<br \/>\n&nbsp;<br \/>\nAu d\u00e9but du si\u00e8cle, il entreprit d&#8217;approfondir ses connaissances en arts martiaux, en faisant un grand voyage \u00e0 travers toute l&#8217;Asie de l&#8217;Est. Il apprit l&#8217;\u00e9quitation, le lancer de couteau et le lasso, en Mandchourie, avec un cavalier brigand. A Shangha\u00ef il rencontra le vieux Ma\u00eetre Chinois KINGAI qui l&#8217;initia \u00e0 l&#8217;art du TIMBE, du SURUCHIN et du NUNTI, ainsi qu&#8217;\u00e0 la m\u00e9decine chinoise et \u00e0 l&#8217;acupuncture.<br \/>\n&nbsp;<br \/>\nEn 1929, il regagna temporairement le Japon \u00e0 l&#8217;occasion d&#8217;une grande c\u00e9r\u00e9monie organis\u00e9e en l&#8217;honneur de l&#8217;Empereur MEIJI. C\u00e9r\u00e9monie au cours de laquelle Gichin FUNAKOSHI pr\u00e9senta le Karat\u00e9 et Shinko MATAYOSHI le Kobudo. Il rentra \u00e0 Okinawa en 1935. On le surnommait Mat\u00eashi SENBARU (&#8220;main de faucille&#8221;). Il poursuivit son \u00e9tude des arts martiaux avec des Ma\u00eetres Okinawa\u00efens Expert en Kobudo, il consacra le reste de sa vie \u00e0 l&#8217;enseignement de son art, ainsi qu&#8217;\u00e0 la pratique de l&#8217;acupuncture. Il s&#8217;\u00e9teignit en 1947, \u00e0 l&#8217;\u00e2ge de 59 ans.<\/p>\n<div id=\"attachment_1291\" style=\"width: 253px\" class=\"wp-caption alignright\"><a href=\"https:\/\/i0.wp.com\/www.gojuryu93.com\/wp-content\/uploads\/2015\/06\/Kobudo_W02.jpg\"><img data-recalc-dims=\"1\" loading=\"lazy\" decoding=\"async\" aria-describedby=\"caption-attachment-1291\" data-attachment-id=\"1291\" data-permalink=\"https:\/\/www.gojuryu93.com\/?attachment_id=1291\" data-orig-file=\"https:\/\/i0.wp.com\/www.gojuryu93.com\/wp-content\/uploads\/2015\/06\/Kobudo_W02.jpg?fit=612%2C756&amp;ssl=1\" data-orig-size=\"612,756\" data-comments-opened=\"0\" data-image-meta=\"{&quot;aperture&quot;:&quot;0&quot;,&quot;credit&quot;:&quot;&quot;,&quot;camera&quot;:&quot;&quot;,&quot;caption&quot;:&quot;&quot;,&quot;created_timestamp&quot;:&quot;0&quot;,&quot;copyright&quot;:&quot;&quot;,&quot;focal_length&quot;:&quot;0&quot;,&quot;iso&quot;:&quot;0&quot;,&quot;shutter_speed&quot;:&quot;0&quot;,&quot;title&quot;:&quot;&quot;,&quot;orientation&quot;:&quot;0&quot;}\" data-image-title=\"Kobudo_W02\" data-image-description=\"\" data-image-caption=\"\" data-large-file=\"https:\/\/i0.wp.com\/www.gojuryu93.com\/wp-content\/uploads\/2015\/06\/Kobudo_W02.jpg?fit=610%2C754&amp;ssl=1\" class=\"wp-image-1291 size-medium\" src=\"https:\/\/i0.wp.com\/www.gojuryu93.com\/wp-content\/uploads\/2015\/06\/Kobudo_W02.jpg?resize=243%2C300\" alt=\"Kobudo_W02\" width=\"243\" height=\"300\" srcset=\"https:\/\/i0.wp.com\/www.gojuryu93.com\/wp-content\/uploads\/2015\/06\/Kobudo_W02.jpg?resize=243%2C300&amp;ssl=1 243w, https:\/\/i0.wp.com\/www.gojuryu93.com\/wp-content\/uploads\/2015\/06\/Kobudo_W02.jpg?w=612&amp;ssl=1 612w\" sizes=\"auto, (max-width: 243px) 100vw, 243px\" \/><\/a><p id=\"caption-attachment-1291\" class=\"wp-caption-text\"><strong><em>Matayoshi Shinpo (\u53c8\u5409\u771e\u8c4a)<\/em><\/strong><\/p><\/div>\n<p>Apr\u00e8s la guerre, son fils, Ma\u00eetre Shinpo MATAYOSHI, entreprit d&#8217;enseigner le Kobudo \u00e0 Kawasaki, au Japon. Art que lui avait enseign\u00e9 son p\u00e8re d\u00e8s l&#8217;\u00e2ge de 7 ans.<br \/>\n&nbsp;<br \/>\nRentr\u00e9 \u00e0 Okinawa en 1960, il poursuivit son enseignement dans le dojo du vieux Ma\u00eetre Seiko HIGA (du style Goju Ryu) ; lequel l&#8217;avait initi\u00e9 au Karat\u00e9 dans son enfance. Puis ouvrit un dojo de Kobudo, qu&#8217;il baptisa KODOKAN, en m\u00e9moire de son p\u00e8re (Ko).<br \/>\n&nbsp;<br \/>\nPour que le Kobudo puisse \u00eatre transmis \u00e0 travers le monde, il fonda, en 1970, l&#8217;Association de Kobudo des Ryu-Kyu, qui devint, deux ans plus tard, la F\u00e9d\u00e9ration du Kobudo d&#8217;Okinawa (\u00ab All Okinawa Kobudo Renmei \u00bb).<br \/>\n10\u00e8me Dan de Kobudo et 10\u00e8me Dan de Karat\u00e9, il re\u00e7ut au Japon le titre rarissime de \u00ab tr\u00e9sor imp\u00e9rial vivant \u00bb. Incarnant v\u00e9ritablement l&#8217;\u00e2me du Kobudo traditionnel d&#8217;Okinawa.<br \/>\n&nbsp;<br \/>\nApr\u00e8s avoir consid\u00e9rablement \u0153uvr\u00e9 pour faire connaitre le Kobudo au-del\u00e0 du Japon, il s&#8217;\u00e9teignit en 1997, \u00e0 l&#8217;\u00e2ge de 74 ans.<\/p>\n<p>&nbsp;<\/p>\n<p>&nbsp;<\/p>\n<p style=\"text-align: center;\"><a class=\"maxbutton-13 maxbutton maxbutton-kobudo-les-armes\" rel=\"nofollow noopener\" href=\"\/?page_id=1060\"><span class='mb-text'>Kobudo : Les armes<\/span><\/a><\/p>\n","protected":false},"excerpt":{"rendered":"<p>&nbsp; Kobudo signifie litt\u00e9ralement \u00ab Art martial ancien \u00bb mais \u00e9galement \u00ab Art d&#8217;un comportement spirituel vis-\u00e0-vis du combat \u00bb. Le Kobudod&#8217;Okinawa a connu une \u00e9volution parall\u00e8le au Karat\u00e9. &nbsp; Ces techniques sont arriv\u00e9es jusqu&#8217;\u00e0 nous gr\u00e2ce \u00e0 Ma\u00eetre Shinko MATAYOSHI et son fils Shinpo. N\u00e9 en 1888 dans la ville de Naha, Ma\u00eetre Shinko [&hellip;]<\/p>\n","protected":false},"author":1,"featured_media":0,"parent":0,"menu_order":0,"comment_status":"closed","ping_status":"closed","template":"","meta":{"_exactmetrics_skip_tracking":false,"_exactmetrics_sitenote_active":false,"_exactmetrics_sitenote_note":"","_exactmetrics_sitenote_category":0,"ngg_post_thumbnail":0,"footnotes":""},"class_list":["post-716","page","type-page","status-publish","hentry"],"jetpack_shortlink":"https:\/\/wp.me\/P6TujZ-by","jetpack-related-posts":[{"id":1063,"url":"https:\/\/www.gojuryu93.com\/?page_id=1063","url_meta":{"origin":716,"position":0},"title":"Passage de grades Kobudo","author":"Team-Goju","date":"11 juillet 2015","format":false,"excerpt":"Lors des passages de grades kobudo traditionnel, un certain nombre de pratiques et techniques sont requises pour pouvoir obtenir le grade souhait\u00e9. Les techniques demand\u00e9es sont pr\u00e9sentes dans le tableau r\u00e9capitulatif pr\u00e9sent sur cette page et en r\u00e9f\u00e9rence \u00e0 ce qui est demand\u00e9 par la Ligue Oshuka\u00ef France pour le\u2026","rel":"","context":"Article similaire","block_context":{"text":"Article similaire","link":""},"img":{"alt_text":"5e kyu Ceinture jaune","src":"https:\/\/i0.wp.com\/www.gojuryu93.com\/wp-content\/uploads\/2015\/07\/yellow-e1483194264660.png?resize=350%2C200","width":350,"height":200},"classes":[]},{"id":1304,"url":"https:\/\/www.gojuryu93.com\/?page_id=1304","url_meta":{"origin":716,"position":1},"title":"Des stages","author":"Team-Goju","date":"28 novembre 2015","format":false,"excerpt":"\u00a0 \u00a0 Le Karat\u00e9 Club de Tremblay-en-France organise ou participe \u00e0 de nombreux stages au fils des saisons afin d\u2019\u00e9largir les comp\u00e9tences ou de faire d\u00e9couvrir de nouvelles facettes des arts martiaux \u00e0 ses adh\u00e9rents. Nous organisons \u00e9galement sous la direction de la Ligue 93 de Karat\u00e9 des stages r\u00e9f\u00e9rents\u2026","rel":"","context":"Article similaire","block_context":{"text":"Article similaire","link":""},"img":{"alt_text":"Stages","src":"https:\/\/i0.wp.com\/www.gojuryu93.com\/wp-content\/uploads\/2015\/11\/Stages-300x62.jpg?resize=350%2C200","width":350,"height":200},"classes":[]},{"id":1339,"url":"https:\/\/www.gojuryu93.com\/?page_id=1339","url_meta":{"origin":716,"position":2},"title":"Historique du club","author":"Team-Goju","date":"6 d\u00e9cembre 2015","format":false,"excerpt":"Le Karat\u00e9 Club de Tremblay-en-France est en perp\u00e9tuelle croissance et accentue son action vers la promotion du karat\u00e9 Goju-Ryu, dont il est le seul repr\u00e9sentant dans le d\u00e9partement de la Seine-Saint-Denis et aussi du Kobudo dans la pure tradition d\u2019Okinawa. Notre club fut fond\u00e9 en 1967, par Daniel DJADEL. A\u2026","rel":"","context":"Article similaire","block_context":{"text":"Article similaire","link":""},"img":{"alt_text":"Toguchi_karatemag_1969","src":"https:\/\/i0.wp.com\/www.gojuryu93.com\/wp-content\/uploads\/2015\/12\/Toguchi_karatemag_1969.png?resize=350%2C200","width":350,"height":200},"classes":[]},{"id":1060,"url":"https:\/\/www.gojuryu93.com\/?page_id=1060","url_meta":{"origin":716,"position":3},"title":"Les armes du Kobudo","author":"Team-Goju","date":"11 juillet 2015","format":false,"excerpt":"Le b\u00e2ton long - bo jutsu Appel\u00e9 \u00e9galement \u00ab Konpo \u00bb \u00e0 Okinawa ou \u00ab Komb\u00f4 \u00bb au Japon, il s'agit d'un b\u00e2ton en ch\u00eane, n\u00e9flier, arec ou kuba (esp\u00e8ce de palmier). Ce sont des arbres solides, originaires de la zone subtropicale d'Okinawa. \u00a0Le milieu du B\u00f4 est plus \u00e9pais\u2026","rel":"","context":"Article similaire","block_context":{"text":"Article similaire","link":""},"img":{"alt_text":"\u00a9 2016 kar\u00e9t\u00e9 Club Tremblay-en-France","src":"https:\/\/i0.wp.com\/www.gojuryu93.com\/wp-content\/uploads\/2015\/07\/bo_jutsu_kobudo_demo_2014-300x178.jpg?resize=350%2C200","width":350,"height":200,"srcset":"https:\/\/i0.wp.com\/www.gojuryu93.com\/wp-content\/uploads\/2015\/07\/bo_jutsu_kobudo_demo_2014-300x178.jpg?resize=350%2C200 1x, https:\/\/i0.wp.com\/www.gojuryu93.com\/wp-content\/uploads\/2015\/07\/bo_jutsu_kobudo_demo_2014-300x178.jpg?resize=525%2C300 1.5x"},"classes":[]},{"id":740,"url":"https:\/\/www.gojuryu93.com\/?page_id=740","url_meta":{"origin":716,"position":4},"title":"Contact et Localisation","author":"Team-Goju","date":"12 juin 2015","format":false,"excerpt":"Nous contacter : Pr\u00e9sident 06 15 99 57 32 \u00a0 karateclub.tremblayenfrance@gmail.com \u00a0 Dojo des Cottages : Angle 33\/35 rue Hector Berlioz - 93 290 Tremblay-en-France LUNDI Kobudo enfants - 18 h 15 \u00e0 19 h 30 Karat\u00e9 adultes - 19 h 30 \u00e0 21 h 30 JEUDI Karat\u00e9 enfants -\u2026","rel":"","context":"Article similaire","block_context":{"text":"Article similaire","link":""},"img":{"alt_text":"","src":"","width":0,"height":0},"classes":[]},{"id":1656,"url":"https:\/\/www.gojuryu93.com\/?page_id=1656","url_meta":{"origin":716,"position":5},"title":"Revue de presses","author":"Team-Goju","date":"18 f\u00e9vrier 2016","format":false,"excerpt":"\u00a0 \u00a0 On parle de nous dans la presse locale ou sur le Net. Retrouvez sur cette page divers articles ou sites internet ou nous sommes cit\u00e9s. Il vous suffira de cliquer sur les images pour acc\u00e9der aux publications. \u00a0 \u00a0","rel":"","context":"Article similaire","block_context":{"text":"Article similaire","link":""},"img":{"alt_text":"Revue-de-presse","src":"https:\/\/i0.wp.com\/www.gojuryu93.com\/wp-content\/uploads\/2016\/02\/Revue-de-presse-300x200.png?resize=350%2C200","width":350,"height":200},"classes":[]}],"jetpack_sharing_enabled":true,"_links":{"self":[{"href":"https:\/\/www.gojuryu93.com\/index.php?rest_route=\/wp\/v2\/pages\/716","targetHints":{"allow":["GET"]}}],"collection":[{"href":"https:\/\/www.gojuryu93.com\/index.php?rest_route=\/wp\/v2\/pages"}],"about":[{"href":"https:\/\/www.gojuryu93.com\/index.php?rest_route=\/wp\/v2\/types\/page"}],"author":[{"embeddable":true,"href":"https:\/\/www.gojuryu93.com\/index.php?rest_route=\/wp\/v2\/users\/1"}],"replies":[{"embeddable":true,"href":"https:\/\/www.gojuryu93.com\/index.php?rest_route=%2Fwp%2Fv2%2Fcomments&post=716"}],"version-history":[{"count":0,"href":"https:\/\/www.gojuryu93.com\/index.php?rest_route=\/wp\/v2\/pages\/716\/revisions"}],"wp:attachment":[{"href":"https:\/\/www.gojuryu93.com\/index.php?rest_route=%2Fwp%2Fv2%2Fmedia&parent=716"}],"curies":[{"name":"wp","href":"https:\/\/api.w.org\/{rel}","templated":true}]}}